t(c) = 15*c**2 - 420*c - 640. Give t(30).
260
Let h(n) = -13274*n + 146134. Give h(11).
120
Let z(m) = -420*m - 5047. Determine z(-12).
-7
Let t(g) = -112*g**3 + g**2 + 12*g - 32. What is t(2)?
-900
Let z(u) = u**3 - 124*u**2 + 408*u - 5291. What is z(121)?
154
Let z(s) = -2*s**3 - 56*s**2 + 176*s - 2647. Determine z(-32).
-87
Let t(w) = -7*w**3 - 10*w**2 - 148*w - 280. Give t(-4).
600
Let c(x) = 4*x**3 - 138*x**2 + 195*x - 102. Calculate c(33).
-201
Let u(q) = q**3 - 6*q**2 + 7*q + 16. Calculate u(13).
1290
Let l(g) = g**3 + 215*g**2 - 129*g - 27714. Calculate l(-215).
21
Let p(f) = -419646*f + 1258923. Calculate p(3).
-15
Let d(b) = -3*b**2 + 903*b - 2701. Determine d(298).
-19
Let y(j) = 225*j**2 - 10805*j + 161. Determine y(48).
-79
Let j(v) = 3*v**3 - 41*v**2 - 199*v - 85. Give j(20).
3535
Let o(h) = 40040*h + 520371. Determine o(-13).
-149
Let q(r) = -5042*r + 8162989. Determine q(1619).
-9
Let t(i) = i**3 - 221*i**2 + 9424*i + 7900. Give t(59).
-6
Let l(q) = 2050*q + 10205. Calculate l(-5).
-45
Let j(v) = 4*v**3 - 101*v**2 - 976*v - 1548. Determine j(33).
3
Let f(r) = -r**3 - 20*r**2 + 1206*r - 236. Calculate f(-47).
2725
Let h(u) = -12*u**2 + 10265*u + 47299. Give h(860).
-1
Let g(t) = 417532*t - 1252654. What is g(3)?
-58
Let t(h) = 21*h**2 + 1923*h + 5601. Determine t(-3).
21
Let s(l) = l**3 - 258*l**2 - 749*l + 126905. What is s(259)?
-5
Let g(p) = -p**2 + 66680*p + 266728. Determine g(-4).
-8
Let x(t) = -82737*t + 413671. Calculate x(5).
-14
Let s(c) = 23*c**3 + 4141*c**2 + 164*c - 3111. Calculate s(-180).
-231
Let d(w) = -46*w**2 - 2348*w - 51. What is d(-51)?
51
Let m(o) = o**2 + 120*o + 8973. Determine m(-45).
5598
Let w(n) = 2*n**2 - 1192*n + 2371. What is w(2)?
-5
Let n(y) = -1813*y + 106450. Determine n(59).
-517
Let m(h) = -2*h**3 + 44*h**2 + 225*h - 5867. Give m(20).
233
Let k(n) = -n**2 + 517*n + 19313. Determine k(552).
-7
Let z(d) = -37*d**2 + 91*d - 75. What is z(3)?
-135
Let y(a) = 19*a**2 + 3066*a - 11383. Give y(-165).
2
Let y(z) = -304*z**2 - 6078*z + 6. Calculate y(-20).
-34
Let i(d) = d**2 - 437*d + 47307. Give i(240).
27
Let v(j) = 8*j**2 + 71*j + 255. What is v(-7)?
150
Let m(i) = -479*i + 5681. Determine m(12).
-67
Let p(m) = 12*m - 1446. Determine p(123).
30
Let h(o) = -192*o**2 - 432*o - 83. Calculate h(-2).
13
Let x(g) = 13*g**3 + 772*g**2 + 300*g + 219. Determine x(-59).
-76
Let d(t) = 5945*t + 71280. What is d(-12)?
-60
Let h(k) = 2*k**3 - 28*k**2 + 51*k + 324. Determine h(-6).
-1422
Let f(s) = -4805*s + 19314. Give f(4).
94
Let t(u) = 20*u**2 + 727*u - 7277. Calculate t(10).
1993
Let c(g) = g**3 + 5*g**2 - 107*g - 1000. What is c(-12)?
-724
Let g(t) = -4552*t + 787511. Give g(173).
15
Let t(h) = -h**2 + 2122*h + 88418. Give t(-41).
-265
Let o(t) = 5*t**3 + 19*t**2 - 188*t + 93. What is o(-11)?
-2195
Let n(h) = 11*h**3 - 3972*h**2 + 369*h - 4011. What is n(361)?
-1123
Let b(c) = -482*c - 11056. Determine b(-25).
994
Let j(c) = c**2 - 14174*c - 113433. Calculate j(-8).
23
Let c(r) = -334*r - 46073. Determine c(-138).
19
Let x(s) = 705*s**2 - 5*s + 2185. What is x(0)?
2185
Let p(n) = -186*n - 1148. What is p(-8)?
340
Let c(o) = 4*o**3 + 442*o**2 + 1091*o + 1190. Calculate c(-108).
2
Let p(t) = -t**2 + 208*t - 6548. Determine p(40).
172
Let y(d) = -173722*d + 173790. Determine y(1).
68
Let s(k) = -2*k**3 + 48*k**2 - 3*k + 112. What is s(24)?
40
Let q(d) = 240*d - 5624. Determine q(26).
616
Let t(f) = 448*f**2 - 6261*f - 142. Give t(14).
12
Let g(q) = q**3 + 272*q**2 - 23*q - 6276. Determine g(-272).
-20
Let g(c) = c**3 + 122*c**2 - 627*c + 1200. What is g(-127)?
184
Let m(t) = 295866*t + 3846271. Calculate m(-13).
13
Let q(z) = -183*z - 16814. Give q(-90).
-344
Let f(z) = 466*z**2 - 10*z + 29. Determine f(3).
4193
Let y(n) = n**2 - 260*n - 54625. Determine y(-137).
-236
Let a(v) = 86120*v - 172238. Calculate a(2).
2
Let c(j) = -43384*j - 5639918. Determine c(-130).
2
Let p(w) = 108*w + 16241. Determine p(-152).
-175
Let k(h) = 2*h**3 + 20*h**2 + 121*h - 30. What is k(-9)?
-957
Let q(x) = 412*x + 3706. Determine q(-9).
-2
Let z(l) = 6636*l + 16045854. Give z(-2418).
6
Let h(b) = 21270*b + 1127305. Determine h(-53).
-5
Let l(t) = -t**2 - 3073*t + 80530. Calculate l(26).
-44
Let a(v) = 6*v**2 - 897*v - 1323. Calculate a(150).
-873
Let r(p) = p**3 - 23*p**2 - 78*p - 100. Calculate r(27).
710
Let w(z) = -2482*z - 332592. Give w(-134).
-4
Let c(t) = -8*t**3 + 163*t**2 + 17*t + 55. Give c(20).
1595
Let q(z) = z**2 - 14*z + 26. What is q(9)?
-19
Let v(p) = -13*p**2 + 19633*p - 58836. What is v(3)?
-54
Let z(u) = 953*u - 31601. What is z(33)?
-152
Let p(h) = 2516*h - 50324. What is p(20)?
-4
Let k(x) = -5463*x - 1343938. Give k(-246).
-40
Let j(g) = 81*g + 12636. Give j(-97).
4779
Let d(j) = 10611*j**2 - 74273*j - 9. Determine d(7).
19
Let k(l) = -2*l**2 - 6799*l + 61260. What is k(9)?
-93
Let h(w) = 23362*w - 16. What is h(0)?
-16
Let b(u) = -2*u**2 + 17*u + 428. Calculate b(-9).
113
Let q(b) = 2*b**3 + 161*b**2 + 34*b + 9332. Calculate q(-81).
17
Let l(n) = -n**2 + 279*n + 863. Determine l(-3).
17
Let w(v) = 1800*v + 131402. What is w(-73)?
2
Let x(c) = c**2 + 86*c + 523. Give x(-78).
-101
Let c(h) = -5*h**2 + 1411*h - 74978. Give c(71).
-2
Let u(w) = 2*w**3 + 98*w**2 - 454*w - 1578. Determine u(-53).
12
Let a(o) = 303*o - 7687. Calculate a(28).
797
Let t(y) = 15*y**2 - 42257*y - 211311. Determine t(-5).
349
Let s(n) = n**3 + 135*n**2 - 1762*n + 247. Give s(-147).
-47
Let q(a) = 3*a**2 + 1017*a - 18125. Determine q(17).
31
Let c(s) = 14*s - 365. What is c(43)?
237
Let h(l) = -12*l**2 - 419*l + 2127. Determine h(5).
-268
Let g(k) = -16263*k + 992067. What is g(61)?
24
Let g(c) = -c**3 - 160*c**2 - 733*c + 210. What is g(-5)?
0
Let f(k) = 2*k**2 - 283*k + 1457. Give f(5).
92
Let n(m) = -54829*m + 274154. Give n(5).
9
Let t(n) = 4*n**2 + 1407*n - 4655. Determine t(-355).
-40
Let b(l) = -l**3 + l**2 + 535*l + 2297. What is b(-20)?
-3
Let k(y) = -3971*y + 655205. What is k(165)?
-10
Let y(h) = 232*h**2 - 537324*h + 27788. Give y(2316).
-4
Let d(i) = -9*i**2 + 778*i + 299. What is d(87)?
-136
Let m(k) = -k**3 - 71*k**2 - 1216*k + 203. Give m(-29).
145
Let b(a) = 3*a**2 - 35940*a + 35939. Give b(1).
2
Let a(n) = n**3 - 117*n**2 + 131*n - 513. What is a(116)?
1227
Let i(s) = -1032*s + 20625. Determine i(20).
-15
Let g(b) = 42*b**3 + 9*b**2 - 7*b - 17. Determine g(-1).
-43
Let m(z) = -357*z**2 + 15325*z + 1113. Calculate m(43).
-5
Let w(p) = -105578*p + 527488. What is w(5)?
-402
Let r(w) = 13*w**2 - 111*w - 19. Give r(8).
-75
Let k(m) = 4*m**2 - 835*m - 32245. Calculate k(242).
-59
Let i(f) = -f**3 - 3*f**2 + 444*f + 367. What is i(20)?
47
Let r(h) = -6408*h + 45152. Determine r(6).
6704
Let m(f) = 2*f**3 - 83*f**2 - 130*f + 7036. Determine m(41).
25
Let n(y) = -y**3 - 29*y**2 - 142*y - 15. What is n(-11)?
-631
Let o(g) = -28*g**2 - 85*g + 286. Calculate o(4).
-502
Let h(x) = 5*x**2 - 131*x - 186. What is h(26)?
-212
Let n(f) = 431818*f - 4318188. What is n(10)?
-8
Let c(a) = -a**2 - 72*a + 943. Determine c(-75).
718
Let z(u) = -36*u**2 - 77*u - 236. Calculate z(-7).
-1461
Let x(r) = 7*r**3 + 34*r**2 + 92*r - 66. Determine x(-5).
-551
Let t(d) = 7*d**2 - 325*d + 3033. What is t(50)?
4283
Let j(o) = 4840*o + 106709. Give j(-22).
229
Let l(b) = 1968*b - 430988. What is l(219)?
4
Let b(n) = 94*n - 8190. Calculate b(87).
-12
Let i(v) = 39019*v + 1208775. Calculate i(-31).
-814
Let v(w) = -1011*w - 7302. Give v(-7).
-225
Let z(t) = 1212*t - 227616. Calculate z(189).
1452
Let x(p) = p**3 - 29*p**2 + 18*p - 37. Give x(29).
485
Let g(b) = -b**2 - 26*b + 360. Give g(14).
-200
Let v(m) = -365*m - 1200. Calculate v(-3).
-105
Let k(d) = 7*d**3 + 527*d**2 - 386*d - 445. What is k(-76)?
11
Let a(h) = 4*h**3 + 60*h**2 + 20*h + 275. What is a(-15)?
-25
Let r(s) = 46*s**2 + 2835*s + 22608. Give r(-8).
2872
Let n(k) = 4246*k - 12522. Give n(3).
216
Let m(b) = 4*b**3 + 280*b**2 + 2*b - 93. Calculate m(-70).
-233
Let v(i) = -i**3 + 41*i**2 - 194*i - 619. What is v(35)?
-59
Let c(i) = 21*i**2 + 2403*i + 1059. What is c(-114)?
33
Let s(h) = -3474*h - 757330. Calculate s(-218).
2
Let y(n) = 4*n**2 + 1723*n - 18930. Give y(11).
507
Let i(a) = 8634*a + 155306. Calculate i(-18).
-106
Let y(k) = -2*k**3 + 25*k**2 + 2371*k - 32601. Determine y(14